Determine i(a).
2
Let y = -30 + 29. Let w(n) = 7*n**3 + 2*n**2 + 2*n + 1. Calculate w(y).
-6
Let j(n) = -n + 6 - 6. Suppose p = 5*p + 4. Let s be 0*((-3)/2 - p). Calculate j(s).
0
Let u(z) = -z**3 + 7*z**2 - 7*z + 8. Let j = 0 - -8. Suppose m + 2 - j = 0. What is u(m)?
2
Let v = 137 + -139. Let l(n) be the first derivative of -n**4/4 - n**3 - 3*n**2/2 - 3*n + 1. What is l(v)?
-1
Let u = 7 + -3. Let h(l) be the second derivative of -l**3/2 + l**2 + 6*l. Determine h(u).
-10
Let c(q) be the first derivative of -2/3*q**3 - 4 - q**2 + q. Give c(1).
-3
Let o(x) = 2*x**2 - 5*x - 7. Suppose 0 = -0*s + 4*s - 20. Give o(s).
18
Let b(o) be the first derivative of o**4/4 + 2*o**3 - o**2 + 7*o - 8. Determine b(-6).
19
Let o be 3 + (-1 - 0) + 1. Let p(j) = 6*j. Give p(o).
18
Let i(r) be the second derivative of 0 - 1/3*r**3 + 1/2*r**2 + 1/12*r**4 + r. Determine i(1).
0
Let j = -236 + 237. Let r(o) = -168*o. Let x be (-2)/(-5) + (-318)/(-5). Let q(p) = -13*p. Let u(g) = x*q(g) - 5*r(g). Give u(j).
8
Let a(j) = 3*j**2 - 3*j - 7 + 12 + 4*j. Let z(n) = 7*n**2 + n + 11. Let m(y) = 9*a(y) - 4*z(y). Give m(6).
-5
Let o(r) be the second derivative of -1/4*r**4 - 6*r - 1/2*r**3 + 0 + 0*r**2. Calculate o(-2).
-6
Let d(c) be the third derivative of -c**8/6720 - c**7/630 + c**5/30 - c**4/24 + c**2. Let o(x) be the second derivative of d(x). Let i = -4 - 0. What is o(i)?
4
Suppose -2*y - 15 = -3*k, -3*y + 2*y - 8 = -2*k. Let r(c) = -c**3 - 6*c**2 + 2*c + 3. Determine r(y).
-9
Suppose 5*n - 8 - 2 = 0. Suppose -2*o + 2 = -n. Let l(t) be the first derivative of -5*t**2/2 + t + 15. Determine l(o).
-9
Let q be (-6)/(-15) - 39/(-15). Suppose -4*u + 1 = -q. Let a(b) be the third derivative of 5*b**4/24 - b**2. What is a(u)?
5
Let s(u) = 3*u**3 + 9*u**2 + 3*u + 10. Let o(j) = 16*j**3 + 46*j**2 + 16*j + 51. Let m(g) = 2*o(g) - 11*s(g). Suppose 109*i - 21 = 112*i. Give m(i).
-1
Let j(r) be the second derivative of r**3/6 - r**2/2 - 2*r + 7. Determine j(-5).
-6
Let y(a) = a**2 + 2*a + 1. Let w(v) = -2*v**2 - 5*v - 1. Let k(o) = 3*w(o) + 7*y(o). Let x = 6 - 7. Let n(b) = -b - 1. Let s be n(x). Calculate k(s).
4
Let t be (-4)/6*(-72)/16. Suppose 6 = -t*d, 3*v = -v + 4*d + 28. Let q(w) = w**2 - 6*w + 6. What is q(v)?
1
Let n(u) be the second derivative of u**8/6720 - u**7/630 - 7*u**6/720 + u**5/40 + u**4/4 + 4*u. Let y(g) be the third derivative of n(g). Determine y(5).
-7
Let b(x) = x**3 - x**2 - 2*x + 3. Let c(m) = -2*m + 9. Let n(y) = 4*y - 19. Let k(u) = 13*c(u) + 6*n(u). Let r be k(2). Let j = 1 - r. Give b(j).
3
Let x(j) = j - 1. Suppose -20 = -h - 4*h + 5*n, -h = -2*n - 2. Determine x(h).
5
Let u(n) = -3*n**2 - 2*n + 2. Suppose -5*z + 6*z = 3. Let h be z/5 - 14/(-10). Let f be (h/5)/((-1)/5). What is u(f)?
-6
Let k = -157 + 152. Let v(i) = -i**3 - 6*i**2 - 5*i - 5. What is v(k)?
-5
Let a(x) = x**2 + 7*x + 2. Let n be (-54)/10 + (8/(-5))/(-4). Calculate a(n).
-8
Let o(l) = -l**2 + 3*l - 3. Let a be o(3). Let s(p) = -p - 7. Give s(a).
-4
Let h(n) be the third derivative of 0 + 0*n**3 - 1/720*n**6 + n**2 + 1/12*n**4 + 0*n - 7/120*n**5. Let k(q) be the second derivative of h(q). Give k(-5).
-2
Suppose 4*b = -0*b. Let f(v) be the third derivative of 2*v**2 + b*v + 1/6*v**3 + 1/24*v**4 + 0. What is f(4)?
5
Let q(p) = -12*p. Let r = 31 - 30. Calculate q(r).
-12
Let k = 15 + -17. Let v(z) = -5*z + 2. Determine v(k).
12
Let q(x) be the first derivative of x**4/4 - 2*x**3 - 5*x**2/2 - 3*x + 7. Give q(7).
11
Let p(t) = -4*t - 2. Let w be p(-6). Let n be w/12 - (-2)/12. Let a(u) = 1 + 0*u**2 + 0 + 2*u**n - 3*u**2 + 6*u. What is a(5)?
6
Suppose -j = -2*j + 5. Suppose 5*x = -0*x + j*v - 65, -2*x = -3*v + 23. Let i = 11 + x. Let s(u) = u**2 + 6*u + 3. Determine s(i).
-2
Let u(c) = c - 4. Suppose 2*w - 13 = -3. Suppose -34 = -w*q + 41. Let m = q + -11. Calculate u(m).
0
Let z(a) = -2*a**3 + 23*a**2 + 11*a + 12. Let x be z(12). Let v(s) = -s**3 + s**2 - 1. Calculate v(x).
-1
Let q(l) = -3*l + 3. Let t(b) = -b. Let m(i) = -i. Let s(o) = -m(o) - 2*t(o). Let u be s(1). Let n be (0 + -2)*(2 - u). Calculate q(n).
-3
Let g(r) = -3*r**2 + 3*r**2 - 2*r - 3 + r**2. Let y be g(3). Let o = y - 5. Let q(k) = -k. Determine q(o).
5
Let m(l) = -l**3 - 12*l**2 + 2*l + 16. Let t be m(-12). Let z(c) = -c**3 - 8*c**2 - 2*c - 12. What is z(t)?
4
Suppose -h + 8 = 3, -5*r = 4*h - 40. Let c(k) = k**2 - 2*k - 5. What is c(r)?
3
Suppose -u = 4*q - 8, 0*q + 2*u - 9 = -q. Suppose 3*o = 4*r + 7 + q, -25 = 5*r. Let f(l) = -l**3 - 3*l**2 + 4*l - 2. Calculate f(o).
-2
Let h(v) be the third derivative of v**5/120 - v**4/24 + v**3/2 + 11*v**2. Let p(f) be the first derivative of h(f). What is p(6)?
5
Let o(y) = -3*y**2 - 4*y - 2. Let p be (1/2)/(6/(-168)). Let f = -16 - p. What is o(f)?
-6
Let u(d) = -d**3 + d**2 - d + 1. Suppose -2*q - w + 2 = 0, q = 2*q - 2*w + 4. Suppose q = 5*v - v. Calculate u(v).
1
Let f be 2/2*(13 + -6 + -15). Let r(z) = z**3 + 8*z**2 + z + 5. What is r(f)?
-3
Let p(m) = -22*m + 6. Let a(s) = s - 1. Let w(l) = -10*a(l) - p(l). Let k(y) = 24*y + 7. Let u be 2/(-6) + (-64)/24. Let z(o) = u*k(o) + 5*w(o). Give z(-1).
11
Let a = 1 - 3. Let t = 0 - a. Let h(u) = 2 - t + 8*u. Determine h(1).
8
Let l(t) be the second derivative of t**3/6 + 2*t**2 + t. Give l(5).
9
Let t be (-2)/(-4) + 1/(-2). Let a = 24 + -13. Let p(h) = a*h**2 + 3 + 3 - 10*h**2 + 1. What is p(t)?
7
Let m(d) be the second derivative of -d**6/360 - d**5/30 - d**3/6 + 2*d. Let r(i) be the second derivative of m(i). Let p = -10 + 7. Give r(p).
3
Let f(u) = 3*u**2 - 2*u + 1. Let v(j) = j**2 + j + 2. Let k be v(0). Suppose -2*y - 1 + 7 = 0. Suppose -8 - 6 = -k*q - 4*n, -y*n = q - 10. Determine f(q).
2
Let c(f) = 5*f + f**2 + 2*f**3 - 7 + f**3 + 4 - 4*f**3. Give c(3).
-6
Suppose -2 = -2*o + 3*o. Let v(l) = -6*l + 2. Calculate v(o).
14
Let p(s) = s**2 - 6*s + 4. Let j(q) = q**2 + 4*q + 5. Let i be j(-4). What is p(i)?
-1
Let d(b) = 5*b**2. Let z be d(1). Let y(a) = 5*a + 15. Let j(r) = -14*r - 44. Let q(k) = 6*j(k) + 17*y(k). Calculate q(z).
-4
Suppose 0*h + 5*p + 7 = h, 3*p - 7 = -5*h. Let z(x) = -h + x - 2 + 7. Suppose -k = 3*k, -k = j + 3. Determine z(j).
0
Let v(k) = -k - 6. Let y(u) = u - 1. Let d be y(6). Suppose -d*c - 3*g = 37, 4*c + 45 = -c - 5*g. What is v(c)?
-1
Let s(a) = -6*a + 56. Let o = 0 - 2. Let q(n) = n - 11. Let j(k) = o*s(k) - 11*q(k). Let f = -2 + -4. What is j(f)?
3
Let x be 1/((2/2)/(-2)). Let y(d) = -4*d**3 - 3*d**2 - d + 1. Calculate y(x).
23
Suppose -l - 20 = 4*l. Let o = -4 - l. Let k(u) = u**2 + u - 1. Let d be k(o). Let i(s) = -12*s**2 + 1. What is i(d)?
-11
Let d(t) = t**2 - 2*t. Let p(j) = -j**2 + 14*j - 2. Let z be p(14). Calculate d(z).
8
Let f(w) be the second derivative of w**3/6 - w**2 - w. Let g(d) = 1. Let t(c) = f(c) + 3*g(c). Suppose 4*r = -r. Calculate t(r).
1
Suppose x = -0*x. Let g(m) = -2 - 1 + m**2 - 2*m**2 + m. What is g(x)?
-3
Let z(m) = 42*m**3 - 7*m**2 + 13*m - 3. Let o(u) = -14*u**3 + 2*u**2 - 4*u + 1. Let f(s) = -7*o(s) - 2*z(s). Give f(1).
15
Let j = -1 + 3. Let k(q) = -2 + 0*q**2 - 2*q + 2*q**j + 0*q. Give k(2).
2
Let x be ((-28)/(-21))/(4/6). Let w(q) = 0*q**3 - 2*q**2 + 0*q**3 + 4*q + q**3 + 6*q**2 + x. Give w(-3).
-1
Let r(z) = -z - 7 - 11 + 21. Suppose 0 = -3*k - 0*k - 9. Let d = 7 + k. Give r(d).
-1
Let d(q) = -q - 7. Let f be d(-5). Let l(m) = 105*m + 66. Let w(c) = 8*c + 5. Let t(i) = f*l(i) + 27*w(i). Let b = 8 + -10. Calculate t(b).
-9
Let g(a) = -2*a**3 + 14*a**2 - 1. Let n(h) = -5*h**3 + 29*h**2 - 3. Let w(l) = 7*g(l) - 3*n(l). Let i be w(-11). Let v(k) = -3*k - 2. Calculate v(i).
-8
Let s(k) = -1 - 4*k + 0*k**2 + 5*k + k**2 - 5*k**3. Let h be s(1). Let i(c) = -c + 1. Calculate i(h).
5
Let n(y) = 2*y**2 - 2*y - 1. Suppose -10*z + 6*z = 0. Suppose z = -3*j + 5*w - 7 - 7, -2*w = 5*j - 18. Calculate n(j).
3
Let n(y) = -y**2 + 3*y. Let h(r) = r + 6. Let a be h(-8). Let j(v) = -3*v**2 + 7*v. Let c(s) = a*j(s) + 5*n(s). Calculate c(-2).
2
Suppose 4*r = 4*l - 4, 0*l + l - 3 = 0. Let a(o) = -4*o**r + o**2 - 2*o**2. Give a(-1).
-5
Let q(s) be the second derivative of -s**4/12 - 7*s**3/6 - 9*s**2/2 + 12*s. Determine q(-7).
-9
Let m(w) = w**3 - 4*w**2 - 8*w - 5. Let a = -27 + 33. Determine m(a).
19
Suppose -25 = 25*v - 20*v. Let o(w) = -3*w - 5. What is o(v)?
10
Suppose -g - 2*h - 6 = 0, -4